{"id":3622,"date":"2024-09-30T17:22:17","date_gmt":"2024-09-30T20:22:17","guid":{"rendered":"https:\/\/venturis.com.ar\/?product=abanico-full-black-xl"},"modified":"2026-04-05T11:45:40","modified_gmt":"2026-04-05T14:45:40","slug":"abanico-full-black-xl-mdf","status":"publish","type":"product","link":"https:\/\/venturis.com.ar\/?product=abanico-full-black-xl-mdf","title":{"rendered":"Abanico Full Black XL Mdf"},"content":{"rendered":"","protected":false},"excerpt":{"rendered":"<p>Abanico Full Black XL MDF<\/p>\n<p>\ud83d\udcd0 Caracter\u00edsticas<br \/>\nMedidas:<br \/>\nAbierto: 44 cm ancho x 24 cm alto<\/p>\n<p>Materiales:<br \/>\nVarillas de madera MDF<br \/>\nTela de poli\u00e9ster sublimada de alta calidad<\/p>\n<p>\ud83d\udcb8 Medios de pago<\/p>\n<p>Posibilidad de abonar en 1 pago con tarjetas de cr\u00e9dito y d\u00e9bito a trav\u00e9s de Mercado Pago<\/p>\n<p>\ud83d\ude9a Env\u00edos<\/p>\n<p>A todo el pa\u00eds: Despachamos tu pedido dentro de las 48 hs. Nuestras bolsas de env\u00edo son compastables, podes enterrarlas y se vuelven tierra!<br \/>\nDesde que se despacha, el tiempo de env\u00edo depende del destino, en general es entre 3 a 7 d\u00edas h\u00e1biles. Enviamos a trav\u00e9s de Correo Argentino, en el caso de querer el env\u00edo con Andreani o Encomiendas, especificar .<br \/>\n\ud83d\udef5 En el d\u00eda en Tucum\u00e1n: Env\u00edos por Uber Moto a San Miguel de Tucum\u00e1n, Yerba Buena, Taf\u00ed Viejo, El Manantial y San Pablo. Consultar otras direcciones.<br \/>\n\ud83d\udccdRetiro sin cargo en punto de entrega en Yerba Buena.<\/p>\n<p>\ud83d\uded1 Cuidados del producto<\/p>\n<p>No mojar ni humedecer el abanico.<br \/>\nLa madera MDF puede deformarse con l\u00edquidos.<\/p>\n<p>\ud83d\ude4b Preguntas frecuentes<\/p>\n<p>\u00bfCu\u00e1nto tarda el env\u00edo? Despachamos en 24 a 48 hs, y el tiempo de env\u00edo en general es entre 3 a 7 d\u00edas h\u00e1biles.<\/p>\n<p>\ud83d\udd25 Los abanicos son accesorios de moda, adem\u00e1s de mantenerte frescx, reflejan lo que sos y tu autenticidad. Y en Venturis amamos eso!<\/p>\n<p>Hac\u00e9 tuyo el Abanico Full Black\u00a0 y sum\u00e1 frescura y dise\u00f1o a tu movimiento.<br \/>\n\ud83d\udc49 \u00a1Compr\u00e1 ahora!<\/p>\n","protected":false},"featured_media":4892,"comment_status":"open","ping_status":"closed","template":"","meta":{"content-type":"","_uag_custom_page_level_css":"","site-sidebar-layout":"default","site-content-layout":"","ast-site-content-layout":"default","site-content-style":"default","site-sidebar-style":"default","ast-global-header-display":"","ast-banner-title-visibility":"","ast-main-header-display":"","ast-hfb-above-header-display":"","ast-hfb-below-header-display":"","ast-hfb-mobile-header-display":"","site-post-title":"","ast-breadcrumbs-content":"","ast-featured-img":"","footer-sml-layout":"","ast-disable-related-posts":"","theme-transparent-header-meta":"default","adv-header-id-meta":"","stick-header-meta":"","header-above-stick-meta":"","header-main-stick-meta":"","header-below-stick-meta":"","astra-migrate-meta-layouts":"set","ast-page-background-enabled":"default","ast-page-background-meta":{"desktop":{"background-color":"","background-image":"","background-repeat":"repeat","background-position":"center center","background-size":"auto","background-attachment":"scroll","background-type":"","background-media":"","overlay-type":"","overlay-color":"","overlay-opacity":"","overlay-gradient":""},"tablet":{"background-color":"","background-image":"","background-repeat":"repeat","background-position":"center center","background-size":"auto","background-attachment":"scroll","background-type":"","background-media":"","overlay-type":"","overlay-color":"","overlay-opacity":"","overlay-gradient":""},"mobile":{"background-color":"","background-image":"","background-repeat":"repeat","background-position":"center center","background-size":"auto","background-attachment":"scroll","background-type":"","background-media":"","overlay-type":"","overlay-color":"","overlay-opacity":"","overlay-gradient":""}},"ast-content-background-meta":{"desktop":{"background-color":"var(--ast-global-color-5)","background-image":"","background-repeat":"repeat","background-position":"center center","background-size":"auto","background-attachment":"scroll","background-type":"","background-media":"","overlay-type":"","overlay-color":"","overlay-opacity":"","overlay-gradient":""},"tablet":{"background-color":"var(--ast-global-color-5)","background-image":"","background-repeat":"repeat","background-position":"center center","background-size":"auto","background-attachment":"scroll","background-type":"","background-media":"","overlay-type":"","overlay-color":"","overlay-opacity":"","overlay-gradient":""},"mobile":{"background-color":"var(--ast-global-color-5)","background-image":"","background-repeat":"repeat","background-position":"center center","background-size":"auto","background-attachment":"scroll","background-type":"","background-media":"","overlay-type":"","overlay-color":"","overlay-opacity":"","overlay-gradient":""}},"jetpack_post_was_ever_published":false,"_joinchat":[]},"product_brand":[],"product_cat":[61],"product_tag":[],"class_list":{"0":"post-3622","1":"product","2":"type-product","3":"status-publish","4":"has-post-thumbnail","6":"product_cat-xl","7":"desktop-align-left","8":"tablet-align-left","9":"mobile-align-left","11":"first","12":"instock","13":"shipping-taxable","14":"purchasable","15":"product-type-simple"},"yoast_head":"<!-- This site is optimized with the Yoast SEO plugin v26.5 - https:\/\/yoast.com\/wordpress\/plugins\/seo\/ -->\n<title>Abanico Full Black XL Mdf - Venturis<\/title>\n<meta name=\"robots\" content=\"index, follow, max-snippet:-1, max-image-preview:large, max-video-preview:-1\" \/>\n<link rel=\"canonical\" href=\"https:\/\/venturis.com.ar\/?product=abanico-full-black-xl-mdf\" \/>\n<meta property=\"og:locale\" content=\"es_ES\" \/>\n<meta property=\"og:type\" content=\"article\" \/>\n<meta property=\"og:title\" content=\"Abanico Full Black XL Mdf - Venturis\" \/>\n<meta property=\"og:description\" content=\"Abanico Full Black XL MDF  \ud83d\udcd0 Caracter\u00edsticas Medidas: Abierto: 44 cm ancho x 24 cm alto  Materiales: Varillas de madera MDF Tela de poli\u00e9ster sublimada de alta calidad  \ud83d\udcb8 Medios de pago  Posibilidad de abonar en 1 pago con tarjetas de cr\u00e9dito y d\u00e9bito a trav\u00e9s de Mercado Pago  \ud83d\ude9a Env\u00edos  A todo el pa\u00eds: Despachamos tu pedido dentro de las 48 hs. Nuestras bolsas de env\u00edo son compastables, podes enterrarlas y se vuelven tierra! Desde que se despacha, el tiempo de env\u00edo depende del destino, en general es entre 3 a 7 d\u00edas h\u00e1biles. Enviamos a trav\u00e9s de Correo Argentino, en el caso de querer el env\u00edo con Andreani o Encomiendas, especificar . \ud83d\udef5 En el d\u00eda en Tucum\u00e1n: Env\u00edos por Uber Moto a San Miguel de Tucum\u00e1n, Yerba Buena, Taf\u00ed Viejo, El Manantial y San Pablo. Consultar otras direcciones. \ud83d\udccdRetiro sin cargo en punto de entrega en Yerba Buena.  \ud83d\uded1 Cuidados del producto  No mojar ni humedecer el abanico. La madera MDF puede deformarse con l\u00edquidos.  \ud83d\ude4b Preguntas frecuentes  \u00bfCu\u00e1nto tarda el env\u00edo? Despachamos en 24 a 48 hs, y el tiempo de env\u00edo en general es entre 3 a 7 d\u00edas h\u00e1biles.  \ud83d\udd25 Los abanicos son accesorios de moda, adem\u00e1s de mantenerte frescx, reflejan lo que sos y tu autenticidad. Y en Venturis amamos eso!  Hac\u00e9 tuyo el Abanico Full Black\u00a0 y sum\u00e1 frescura y dise\u00f1o a tu movimiento. \ud83d\udc49 \u00a1Compr\u00e1 ahora!\" \/>\n<meta property=\"og:url\" content=\"https:\/\/venturis.com.ar\/?product=abanico-full-black-xl-mdf\" \/>\n<meta property=\"og:site_name\" content=\"Venturis\" \/>\n<meta property=\"article:modified_time\" content=\"2026-04-05T14:45:40+00:00\" \/>\n<meta property=\"og:image\" content=\"http:\/\/venturis.com.ar\/wp-content\/uploads\/2026\/02\/xl-negro-copia-1.webp\" \/>\n\t<meta property=\"og:image:width\" content=\"1080\" \/>\n\t<meta property=\"og:image:height\" content=\"1080\" \/>\n\t<meta property=\"og:image:type\" content=\"image\/webp\" \/>\n<meta name=\"twitter:card\" content=\"summary_large_image\" \/>\n<meta name=\"twitter:label1\" content=\"Tiempo de lectura\" \/>\n\t<meta name=\"twitter:data1\" content=\"1 minuto\" \/>\n<script type=\"application\/ld+json\" class=\"yoast-schema-graph\">{\"@context\":\"https:\/\/schema.org\",\"@graph\":[{\"@type\":\"WebPage\",\"@id\":\"https:\/\/venturis.com.ar\/?product=abanico-full-black-xl-mdf\",\"url\":\"https:\/\/venturis.com.ar\/?product=abanico-full-black-xl-mdf\",\"name\":\"Abanico Full Black XL Mdf - Venturis\",\"isPartOf\":{\"@id\":\"https:\/\/venturis.com.ar\/#website\"},\"primaryImageOfPage\":{\"@id\":\"https:\/\/venturis.com.ar\/?product=abanico-full-black-xl-mdf#primaryimage\"},\"image\":{\"@id\":\"https:\/\/venturis.com.ar\/?product=abanico-full-black-xl-mdf#primaryimage\"},\"thumbnailUrl\":\"https:\/\/venturis.com.ar\/wp-content\/uploads\/2026\/02\/xl-negro-copia-1.webp\",\"datePublished\":\"2024-09-30T20:22:17+00:00\",\"dateModified\":\"2026-04-05T14:45:40+00:00\",\"breadcrumb\":{\"@id\":\"https:\/\/venturis.com.ar\/?product=abanico-full-black-xl-mdf#breadcrumb\"},\"inLanguage\":\"es\",\"potentialAction\":[{\"@type\":\"ReadAction\",\"target\":[\"https:\/\/venturis.com.ar\/?product=abanico-full-black-xl-mdf\"]}]},{\"@type\":\"ImageObject\",\"inLanguage\":\"es\",\"@id\":\"https:\/\/venturis.com.ar\/?product=abanico-full-black-xl-mdf#primaryimage\",\"url\":\"https:\/\/venturis.com.ar\/wp-content\/uploads\/2026\/02\/xl-negro-copia-1.webp\",\"contentUrl\":\"https:\/\/venturis.com.ar\/wp-content\/uploads\/2026\/02\/xl-negro-copia-1.webp\",\"width\":1080,\"height\":1080},{\"@type\":\"BreadcrumbList\",\"@id\":\"https:\/\/venturis.com.ar\/?product=abanico-full-black-xl-mdf#breadcrumb\",\"itemListElement\":[{\"@type\":\"ListItem\",\"position\":1,\"name\":\"Portada\",\"item\":\"https:\/\/venturis.com.ar\/\"},{\"@type\":\"ListItem\",\"position\":2,\"name\":\"Store\",\"item\":\"https:\/\/venturis.com.ar\/?page_id=1218\"},{\"@type\":\"ListItem\",\"position\":3,\"name\":\"Abanico Full Black XL Mdf\"}]},{\"@type\":\"WebSite\",\"@id\":\"https:\/\/venturis.com.ar\/#website\",\"url\":\"https:\/\/venturis.com.ar\/\",\"name\":\"Venturis.com.ar\",\"description\":\"Tu autenticidad en movimiento\",\"publisher\":{\"@id\":\"https:\/\/venturis.com.ar\/#\/schema\/person\/2f014c263cadc657457c408059943d7e\"},\"alternateName\":\"Venturis\",\"potentialAction\":[{\"@type\":\"SearchAction\",\"target\":{\"@type\":\"EntryPoint\",\"urlTemplate\":\"https:\/\/venturis.com.ar\/?s={search_term_string}\"},\"query-input\":{\"@type\":\"PropertyValueSpecification\",\"valueRequired\":true,\"valueName\":\"search_term_string\"}}],\"inLanguage\":\"es\"},{\"@type\":[\"Person\",\"Organization\"],\"@id\":\"https:\/\/venturis.com.ar\/#\/schema\/person\/2f014c263cadc657457c408059943d7e\",\"name\":\"Melisa Parajon\",\"image\":{\"@type\":\"ImageObject\",\"inLanguage\":\"es\",\"@id\":\"https:\/\/venturis.com.ar\/#\/schema\/person\/image\/\",\"url\":\"https:\/\/venturis.com.ar\/wp-content\/uploads\/2025\/07\/LOGO-FINAL-02-scaled.jpg\",\"contentUrl\":\"https:\/\/venturis.com.ar\/wp-content\/uploads\/2025\/07\/LOGO-FINAL-02-scaled.jpg\",\"width\":2560,\"height\":2560,\"caption\":\"Melisa Parajon\"},\"logo\":{\"@id\":\"https:\/\/venturis.com.ar\/#\/schema\/person\/image\/\"}}]}<\/script>\n<!-- \/ Yoast SEO plugin. -->","yoast_head_json":{"title":"Abanico Full Black XL Mdf - Venturis","robots":{"index":"index","follow":"follow","max-snippet":"max-snippet:-1","max-image-preview":"max-image-preview:large","max-video-preview":"max-video-preview:-1"},"canonical":"https:\/\/venturis.com.ar\/?product=abanico-full-black-xl-mdf","og_locale":"es_ES","og_type":"article","og_title":"Abanico Full Black XL Mdf - Venturis","og_description":"Abanico Full Black XL MDF  \ud83d\udcd0 Caracter\u00edsticas Medidas: Abierto: 44 cm ancho x 24 cm alto  Materiales: Varillas de madera MDF Tela de poli\u00e9ster sublimada de alta calidad  \ud83d\udcb8 Medios de pago  Posibilidad de abonar en 1 pago con tarjetas de cr\u00e9dito y d\u00e9bito a trav\u00e9s de Mercado Pago  \ud83d\ude9a Env\u00edos  A todo el pa\u00eds: Despachamos tu pedido dentro de las 48 hs. Nuestras bolsas de env\u00edo son compastables, podes enterrarlas y se vuelven tierra! Desde que se despacha, el tiempo de env\u00edo depende del destino, en general es entre 3 a 7 d\u00edas h\u00e1biles. Enviamos a trav\u00e9s de Correo Argentino, en el caso de querer el env\u00edo con Andreani o Encomiendas, especificar . \ud83d\udef5 En el d\u00eda en Tucum\u00e1n: Env\u00edos por Uber Moto a San Miguel de Tucum\u00e1n, Yerba Buena, Taf\u00ed Viejo, El Manantial y San Pablo. Consultar otras direcciones. \ud83d\udccdRetiro sin cargo en punto de entrega en Yerba Buena.  \ud83d\uded1 Cuidados del producto  No mojar ni humedecer el abanico. La madera MDF puede deformarse con l\u00edquidos.  \ud83d\ude4b Preguntas frecuentes  \u00bfCu\u00e1nto tarda el env\u00edo? Despachamos en 24 a 48 hs, y el tiempo de env\u00edo en general es entre 3 a 7 d\u00edas h\u00e1biles.  \ud83d\udd25 Los abanicos son accesorios de moda, adem\u00e1s de mantenerte frescx, reflejan lo que sos y tu autenticidad. Y en Venturis amamos eso!  Hac\u00e9 tuyo el Abanico Full Black\u00a0 y sum\u00e1 frescura y dise\u00f1o a tu movimiento. \ud83d\udc49 \u00a1Compr\u00e1 ahora!","og_url":"https:\/\/venturis.com.ar\/?product=abanico-full-black-xl-mdf","og_site_name":"Venturis","article_modified_time":"2026-04-05T14:45:40+00:00","og_image":[{"width":1080,"height":1080,"url":"http:\/\/venturis.com.ar\/wp-content\/uploads\/2026\/02\/xl-negro-copia-1.webp","type":"image\/webp"}],"twitter_card":"summary_large_image","twitter_misc":{"Tiempo de lectura":"1 minuto"},"schema":{"@context":"https:\/\/schema.org","@graph":[{"@type":"WebPage","@id":"https:\/\/venturis.com.ar\/?product=abanico-full-black-xl-mdf","url":"https:\/\/venturis.com.ar\/?product=abanico-full-black-xl-mdf","name":"Abanico Full Black XL Mdf - Venturis","isPartOf":{"@id":"https:\/\/venturis.com.ar\/#website"},"primaryImageOfPage":{"@id":"https:\/\/venturis.com.ar\/?product=abanico-full-black-xl-mdf#primaryimage"},"image":{"@id":"https:\/\/venturis.com.ar\/?product=abanico-full-black-xl-mdf#primaryimage"},"thumbnailUrl":"https:\/\/venturis.com.ar\/wp-content\/uploads\/2026\/02\/xl-negro-copia-1.webp","datePublished":"2024-09-30T20:22:17+00:00","dateModified":"2026-04-05T14:45:40+00:00","breadcrumb":{"@id":"https:\/\/venturis.com.ar\/?product=abanico-full-black-xl-mdf#breadcrumb"},"inLanguage":"es","potentialAction":[{"@type":"ReadAction","target":["https:\/\/venturis.com.ar\/?product=abanico-full-black-xl-mdf"]}]},{"@type":"ImageObject","inLanguage":"es","@id":"https:\/\/venturis.com.ar\/?product=abanico-full-black-xl-mdf#primaryimage","url":"https:\/\/venturis.com.ar\/wp-content\/uploads\/2026\/02\/xl-negro-copia-1.webp","contentUrl":"https:\/\/venturis.com.ar\/wp-content\/uploads\/2026\/02\/xl-negro-copia-1.webp","width":1080,"height":1080},{"@type":"BreadcrumbList","@id":"https:\/\/venturis.com.ar\/?product=abanico-full-black-xl-mdf#breadcrumb","itemListElement":[{"@type":"ListItem","position":1,"name":"Portada","item":"https:\/\/venturis.com.ar\/"},{"@type":"ListItem","position":2,"name":"Store","item":"https:\/\/venturis.com.ar\/?page_id=1218"},{"@type":"ListItem","position":3,"name":"Abanico Full Black XL Mdf"}]},{"@type":"WebSite","@id":"https:\/\/venturis.com.ar\/#website","url":"https:\/\/venturis.com.ar\/","name":"Venturis.com.ar","description":"Tu autenticidad en movimiento","publisher":{"@id":"https:\/\/venturis.com.ar\/#\/schema\/person\/2f014c263cadc657457c408059943d7e"},"alternateName":"Venturis","potentialAction":[{"@type":"SearchAction","target":{"@type":"EntryPoint","urlTemplate":"https:\/\/venturis.com.ar\/?s={search_term_string}"},"query-input":{"@type":"PropertyValueSpecification","valueRequired":true,"valueName":"search_term_string"}}],"inLanguage":"es"},{"@type":["Person","Organization"],"@id":"https:\/\/venturis.com.ar\/#\/schema\/person\/2f014c263cadc657457c408059943d7e","name":"Melisa Parajon","image":{"@type":"ImageObject","inLanguage":"es","@id":"https:\/\/venturis.com.ar\/#\/schema\/person\/image\/","url":"https:\/\/venturis.com.ar\/wp-content\/uploads\/2025\/07\/LOGO-FINAL-02-scaled.jpg","contentUrl":"https:\/\/venturis.com.ar\/wp-content\/uploads\/2025\/07\/LOGO-FINAL-02-scaled.jpg","width":2560,"height":2560,"caption":"Melisa Parajon"},"logo":{"@id":"https:\/\/venturis.com.ar\/#\/schema\/person\/image\/"}}]}},"uagb_featured_image_src":{"full":["https:\/\/venturis.com.ar\/wp-content\/uploads\/2026\/02\/xl-negro-copia-1.webp",1080,1080,false],"thumbnail":["https:\/\/venturis.com.ar\/wp-content\/uploads\/2026\/02\/xl-negro-copia-1-150x150.webp",150,150,true],"medium":["https:\/\/venturis.com.ar\/wp-content\/uploads\/2026\/02\/xl-negro-copia-1-300x300.webp",300,300,true],"medium_large":["https:\/\/venturis.com.ar\/wp-content\/uploads\/2026\/02\/xl-negro-copia-1-768x768.webp",768,768,true],"large":["https:\/\/venturis.com.ar\/wp-content\/uploads\/2026\/02\/xl-negro-copia-1-1024x1024.webp",1024,1024,true],"1536x1536":["https:\/\/venturis.com.ar\/wp-content\/uploads\/2026\/02\/xl-negro-copia-1.webp",1080,1080,false],"2048x2048":["https:\/\/venturis.com.ar\/wp-content\/uploads\/2026\/02\/xl-negro-copia-1.webp",1080,1080,false],"gamipress-points":["https:\/\/venturis.com.ar\/wp-content\/uploads\/2026\/02\/xl-negro-copia-1-50x50.webp",50,50,true],"gamipress-achievement":["https:\/\/venturis.com.ar\/wp-content\/uploads\/2026\/02\/xl-negro-copia-1-100x100.webp",100,100,true],"gamipress-rank":["https:\/\/venturis.com.ar\/wp-content\/uploads\/2026\/02\/xl-negro-copia-1-100x100.webp",100,100,true],"woocommerce_thumbnail":["https:\/\/venturis.com.ar\/wp-content\/uploads\/2026\/02\/xl-negro-copia-1-300x300.webp",300,300,true],"woocommerce_single":["https:\/\/venturis.com.ar\/wp-content\/uploads\/2026\/02\/xl-negro-copia-1-600x600.webp",600,600,true],"woocommerce_gallery_thumbnail":["https:\/\/venturis.com.ar\/wp-content\/uploads\/2026\/02\/xl-negro-copia-1-100x100.webp",100,100,true]},"uagb_author_info":{"display_name":"Melisa Parajon","author_link":"https:\/\/venturis.com.ar\/?author=0"},"uagb_comment_info":0,"uagb_excerpt":"Abanico Full Black XL MDF \ud83d\udcd0 Caracter\u00edsticas Medidas: Abierto: 44 cm ancho x 24 cm alto Materiales: Varillas de madera MDF Tela de poli\u00e9ster sublimada de alta calidad \ud83d\udcb8 Medios de pago Posibilidad de abonar en 1 pago con tarjetas de cr\u00e9dito y d\u00e9bito a trav\u00e9s de Mercado Pago \ud83d\ude9a Env\u00edos A todo el pa\u00eds:&hellip;","jetpack_sharing_enabled":true,"_links":{"self":[{"href":"https:\/\/venturis.com.ar\/index.php?rest_route=\/wp\/v2\/product\/3622","targetHints":{"allow":["GET"]}}],"collection":[{"href":"https:\/\/venturis.com.ar\/index.php?rest_route=\/wp\/v2\/product"}],"about":[{"href":"https:\/\/venturis.com.ar\/index.php?rest_route=\/wp\/v2\/types\/product"}],"replies":[{"embeddable":true,"href":"https:\/\/venturis.com.ar\/index.php?rest_route=%2Fwp%2Fv2%2Fcomments&post=3622"}],"wp:featuredmedia":[{"embeddable":true,"href":"https:\/\/venturis.com.ar\/index.php?rest_route=\/wp\/v2\/media\/4892"}],"wp:attachment":[{"href":"https:\/\/venturis.com.ar\/index.php?rest_route=%2Fwp%2Fv2%2Fmedia&parent=3622"}],"wp:term":[{"taxonomy":"product_brand","embeddable":true,"href":"https:\/\/venturis.com.ar\/index.php?rest_route=%2Fwp%2Fv2%2Fproduct_brand&post=3622"},{"taxonomy":"product_cat","embeddable":true,"href":"https:\/\/venturis.com.ar\/index.php?rest_route=%2Fwp%2Fv2%2Fproduct_cat&post=3622"},{"taxonomy":"product_tag","embeddable":true,"href":"https:\/\/venturis.com.ar\/index.php?rest_route=%2Fwp%2Fv2%2Fproduct_tag&post=3622"}],"curies":[{"name":"wp","href":"https:\/\/api.w.org\/{rel}","templated":true}]}}